
Suppose -5*q = -u + 6*u - 85, u = -5*q + 33. Let r(b) = -b**3 + 15*b**2 + 14*b + 26. Let f be r(u). Let l = -381 + f. What are the prime factors of l?
3, 5, 11
Suppose -21 = -4*c - 9. Suppose 0 = g + 5*i - 20, 3 - 27 = -3*g - c*i. Let t(z) = -2*z**3 + 17*z**2 - 4*z - 3. List the prime factors of t(g).
2, 19
Suppose 14*u - 281067 = 332735. What are the prime factors of u?
17, 2579
Let h(r) = -r**3 - 4*r**2 + 6*r - 3. Let w be 74/333 - ((-34)/9 + -1). Suppose w*y + 91 - 61 = 0. List the prime factors of h(y).
3, 11
Let o = -60 - -60. Suppose -7*k + o*k = -2*k. List the prime factors of (-16)/12*(k - 48).
2
Let w(y) = 86*y. Let c be w(3). Suppose c*v = 259*v - 90. What are the prime factors of v?
2, 3, 5
Suppose 27*v - 78188 - 19822 = 0. Suppose -48*h - 4*s + 2904 = -44*h, 5*h = -s + v. What are the prime factors of h?
2, 3, 11
Let x = 682 - 317. Suppose x + 995 = 16*y. List the prime factors of y.
5, 17
Suppose -25 = -5*p, -p - 175 = -14*n + 10*n. What are the prime factors of (-1120)/6*n/(-20)?
2, 3, 5, 7
Suppose 0 = -4*t + 31 - 63, -20730 = -u - 3*t. What are the prime factors of u?
2, 3, 1153
Let i(a) = 3*a + 8. Let g(d) = d - 14. Let c be g(9). Let h be i(c). List the prime factors of (-11 - 0)/(8/h - -1).
7, 11
Let n = 16228 - 6487. List the prime factors of n.
3, 17, 191
Suppose 3*j - r + 569 = 0, -5*j + 8*r = 9*r + 959. What are the prime factors of -1 - 0 - j - -1?
191
Let g = 6288 - 3385. List the prime factors of g.
2903
Suppose 2*d + i + 0*i = -73, -3*d - 104 = -4*i. Let f = d + 44. Suppose 0*c - f*c = -208. What are the prime factors of c?
2, 13
Let n be 0 + 0 - (-12)/1. List the prime factors of n/10*135095/123.
2, 659
Let l be -2*2/(-3) - 155/(-93). Suppose l*d - 8*d - 20 = 0, j = -3*d + 17. Suppose -z + j = -68. What are the prime factors of z?
97
Let t = 7129 - 6176. List the prime factors of t.
953
Suppose -13*f = -0*f + 26. List the prime factors of -4*(f + (-33)/(-12)) - -1520.
37, 41
Let o(k) = 10*k**2 + 228*k - 244. List the prime factors of o(-34).
2, 3, 11
Let n = -110709 - -170809. List the prime factors of n.
2, 5, 601
Let u = -2647 + 2783. Let l = -126 + -7. Let p = u + l. List the prime factors of p.
3
Suppose -1111*w - 5520 = -1107*w. Let j = w - -2471. What are the prime factors of j?
1091
Suppose -20461 = -10*f + 138039. What are the prime factors of f?
2, 5, 317
Suppose 5*w + t = 9, 5*t = 2*w + 2*t - 7. Suppose 4*r + w*x - 20 = 0, -3 - 3 = 3*x. Suppose -359 + 113 = -r*o. List the prime factors of o.
41
List the prime factors of (-2)/17 - 3/((-408)/1155608).
29, 293
Let d(u) = u**2 - 24*u + 143. Let j be d(14). List the prime factors of (694/j*1)/((-2)/(-3)).
347
Suppose 0 = 16*a - 37 - 27. Suppose -3*u = -3*b - 12, -2*u - a*b - 16 = -u. Suppose 3*y + 46 - 526 = u. List the prime factors of y.
2, 5
Let s = 609 - 401. Let k = s + -200. List the prime factors of k.
2
Let v(y) = -y**2 + 15*y + 14. Let c be v(15). Let k(x) = -x**2 + 17*x - 35. Let u be k(c). Let z(i) = -i**3 + 9*i**2 - 10*i - 1. List the prime factors of z(u).
3
Let c = 549 + -546. Suppose 2751 = c*m + 3*n, -2375 = -5*m + 5*n + 2220. List the prime factors of m.
2, 3, 17
Let h(c) be the first derivative of -17*c**2 + 82*c + 77. List the prime factors of h(-17).
2, 3, 5, 11
What are the prime factors of (-32)/112 + (-5 - 40221/(-21))?
2, 5, 191
Suppose -3 = 5*z - w, 5*w = -7*z + 10*z + 15. Suppose 5*s + 3*p - 2358 = z, -5*p - 18 = 2. What are the prime factors of s?
2, 3, 79
Suppose 6*r = 15*r - 630864. What are the prime factors of r?
2, 13, 337
Let n(a) = a**3 + 75*a**2 + 152*a + 380. List the prime factors of n(-69).
2, 11, 839
Suppose y - 3 = 0, 75*b - 70*b - 2*y = 1339. What are the prime factors of b?
269
Let a(b) = b**3 + 13*b**2 + 27*b - 40. List the prime factors of a(21).
11, 17, 83
Suppose -7*f + 1290 + 803 = 0. Suppose -2*d - 3*g = -f, 4*d + 0*d = -2*g + 610. List the prime factors of d.
2, 7, 11
What are the prime factors of 12 - 5/((-20)/37772)?
5, 31, 61
Suppose -x + 3*s = -72392, -6*x = -5*s - 304318 - 130138. What are the prime factors of x?
2, 31, 73
Let m = 8201 - 5575. List the prime factors of m.
2, 13, 101
Suppose 6*y - 30268 = -y. Suppose 4*v = 4*a + y, -4*a - 5 = a. List the prime factors of v.
2, 3, 5
Let s(y) = 6768*y**3 - 2*y**2 - 4*y + 5. List the prime factors of s(1).
67, 101
Let r(i) = -34*i**2 - 29*i**2 - 7*i**3 + 11*i + 64*i**2. List the prime factors of r(-4).
2, 3, 5, 7
Let c(q) = 4*q**2 - 26*q + 126. List the prime factors of c(50).
2, 3, 1471
Suppose 15*a = 10*a + 90. Suppose -w + 12 = a. Let c(t) = -t**3 - 5*t**2 - 5*t - 7. What are the prime factors of c(w)?
59
Let m = 40114 - 24283. List the prime factors of m.
3, 1759
Let t(s) = 277 - 176 + 5*s**2 - 2*s - 154. What are the prime factors of t(-6)?
139
Let a = -51 - -13. Let p = a - -41. Suppose 71 = v + 4*y, -p*y = -v + 2*y + 35. List the prime factors of v.
5, 11
Let n be 9567/30 + 44/(-110) + 5/2. Let x be (-1)/2*-2 - 73. Let u = x + n. What are the prime factors of u?
3, 83
Let m(u) = u**3 + 10*u**2 + 2*u - 17. Let z be m(-9). Let k = -38 + z. Suppose j - 486 = -k*j. List the prime factors of j.
2, 3
Let o be 6/(-2) - -8*(4 - 3). Let a be 4/14 - o*(-23)/(-35). List the prime factors of 872/6 + 4/a.
2, 3
Suppose -187 = -3*c - 193. What are the prime factors of ((-16)/(-14))/c - 820/(-14)?
2, 29
Suppose -12600 = 30*u - 42*u. Suppose 0 = 4*h - 2598 + u. List the prime factors of h.
3, 43
Let x = 94 + -90. What are the prime factors of -1*x/4*-415?
5, 83
Suppose 185*c - 4594794 - 6211232 = -57*c. List the prime factors of c.
7, 6379
Let m = -631 - -1786. Suppose -m = -8*h + 1269. What are the prime factors of h?
3, 101
Let n(x) = 11 + 38*x + 35 + 1. List the prime factors of n(8).
3, 13
Suppose -d - 4*n + 2 = 0, -3*d + 2*n = -n - 6. Suppose -4*k = -2*q + 7*q - 1749, -d*q + k + 710 = 0. List the prime factors of q.
353
List the prime factors of (((-516)/40)/(9/(-18)))/(4/180).
3, 43
Suppose -3*q - 3*n = -363, -3*q = 5*n + 56 - 425. Let c = 168 + q. What are the prime factors of c?
2, 11, 13
Let j(u) = 865*u**2 + 21*u - 23. Let d(l) = -1730*l**2 - 43*l + 46. Let t(f) = -3*d(f) - 5*j(f). What are the prime factors of t(1)?
2, 433
Let n(w) = -29*w**3 - 3*w**2 - 10*w + 10. Let h be n(-3). Suppose 0 = -c + 4*z - 0*z + h, -3*c - z + 2427 = 0. What are the prime factors of c?
2, 101
Suppose 0*k + 5*k + 20 = 0, 4*t + 2*k = 316. Let b = -66 + t. Let n(o) = o**3 - 14*o**2 - 9*o + 4. What are the prime factors of n(b)?
2, 47
Let j(k) = 2221*k + 1001. List the prime factors of j(9).
2, 5, 2099
Suppose 4*j - 84776 = 4*c, -14*j - 2*c = -17*j + 63588. What are the prime factors of j?
2, 5, 53
Let w = -819 - -579. Let g = w - -579. List the prime factors of g.
3, 113
Let i(w) be the second derivative of 0 - 4*w - 5/3*w**3 - 17*w**2. List the prime factors of i(-18).
2, 73
Let h = -8093 + 8769. List the prime factors of h.
2, 13
Let g be (-4)/(1 - 5) - -4. Suppose -4*y + 3*l - 177 = 4*l, 3*l - 200 = g*y. Let f = y - -102. What are the prime factors of f?
59
Suppose 5*q - 11*q = -11508. Suppose 51*h - q = 13943. List the prime factors of h.
311
Let d = -524 - -238. Let a = 498 + d. List the prime factors of a.
2, 53
Suppose 30 = 2*s - 14. Suppose 10*w = s*w - 12264. List the prime factors of w.
2, 7, 73
Suppose -84*o + 86*o = 1048. Suppose -m - 114 = -h, -m = 4*h + 73 - o. What are the prime factors of h?
113
Let n(q) = 14*q**2 + 28*q + 9. Let s(r) = -30*r**2 - 57*r - 19. Let o(v) = 13*n(v) + 6*s(v). List the prime factors of o(-20).
3, 11
Let n = 12414 + -1882. List the prime factors of n.
2, 2633
Suppose -4*l = -4*a - 2*l + 126, -37 = -a - 5*l. Suppose 33*q - a*q - 49 = 0. Suppose 8*z - z = q. What are the prime factors of z?
7
Suppose 0 = 5*t + 6 - 1, 0 = -2*y - 5*t + 7. Suppose -y = -g + 10. What are the prime factors of 1/(((-8)/g)/((-181)/2))?
181
Suppose -r = -9149 - 20859 + 2639. What are the prime factors of r?
3, 3041
Let c(x) = -8*x + 98. Let j be c(13). What are the prime factors of 11/((-132)/(-18)) - 1149/j?
193
Suppose 3*y - 4163 = -22*x + 24*x, -2*y + 2784 = 3*x. List the prime factors of y.
3, 463
Suppose -10425797 - 14574331 = -288*d. List the prime factors of d.
2, 43403
Let k = -569 + 988. Let s = 19 + k. What are the prime factors of s?
2, 3, 73
Let b be -2 